*c - 0. What is z(v)?
2
Let p = 3 + -1. Let l(u) = -u**3 - 13*u**2 + 16*u - 10. Suppose 29 = 3*j + 23. Let f(y) = -4*y**2 + 5*y - 3. Let o(t) = j*l(t) - 7*f(t). Give o(p).
-13
Let u(j) = 4*j**3 - 8*j**2 + 5*j + 7. Let r(c) = 11*c**3 - 24*c**2 + 16*c + 21. Let h be -4 - (-6)/(-12)*-14. Let s(y) = h*r(y) - 8*u(y). What is s(7)?
14
Let q(c) = -2*c + 2. Let n(m) be the third derivative of 0*m**3 + 19*m**2 + 0 + 1/24*m**4 + 0*m. Let y be n(4). Calculate q(y).
-6
Let w = 316 + -296. Suppose 9*i + w = 38. Let m(z) = -z**3 + z**2 - 2*z + 2. What is m(i)?
-6
Let a(l) = 2*l + 24. Let f(i) = 2*i**2 + 125*i + 57. Let v be f(-62). What is a(v)?
14
Suppose v = -w - 67, -w - 3*w = -20. Let q be (-2)/(-2 + v/(-30)). Let r(n) = -6*n. Let g(x) = -7*x + 1. Let f(a) = 4*g(a) - 5*r(a). Give f(q).
-6
Let v(d) = 3*d + 11. Let p be (9 - -9) + -22 - (-8 - 0). Calculate v(p).
23
Let c = -33 + 37. Let r(j) = 14*j - 4. Determine r(c).
52
Let b(r) = 2*r + 20 + 7*r - 30 + r - r**2 - 5*r. Determine b(11).
-76
Let a(j) = 2*j**2 + 11*j - 11. Let p(k) = -k**2 - 11*k + 10. Let i(r) = 2*a(r) + 3*p(r). Let b(o) = 3*o**2 - 6*o + 11. Let d be b(1). Give i(d).
-16
Let d(o) = -6*o**3 - o**2 - o. Let c be d(-1). Let t(z) = -z**3 - 2*z**2 + 5*z**2 + z**2 + c*z + 0*z. Give t(5).
5
Let w(c) = 13*c**3 + c**2 + 3*c + 2. Let v be w(-1). Let r(b) = b**3 + 13*b**2 + 5*b + 15. Determine r(v).
-50
Let c(b) = -b**3 + 5*b**2 - 4*b + 22. Let y be c(5). Let p(v) = 5*v + 2*v**y - v + 2614 - v**2 - 2615. Calculate p(-5).
4
Let r(a) = -212848*a**2 + 425716*a**2 - a + 10 - 212850*a**2 + a**3. What is r(-18)?
28
Suppose -18*y + 220 + 752 = 0. Let q be 282/y - 6/27. Let t(l) = 2*l - 4. Calculate t(q).
6
Let i(n) = 5*n**3 + 4*n**2 + 17. Let m(v) = -v**3 - v**2 + 1. Let g(t) = -i(t) - 4*m(t). Suppose q + j = -6, -4473*q = -4476*q + 5*j + 30. Give g(q).
-21
Suppose 0 = 4*s + 5*t - 0*t - 419, -5*s + 2*t = -565. Let a(h) = -2*h**2 - h**3 + 2 - 112*h + s*h - h**3. Give a(-2).
12
Let k(i) = 2*i**3 - 2*i + 5. Let r = 1010 - 1007. Determine k(r).
53
Let f(a) = -8*a**2 + 11*a + 6. Let y = -19 - -12. Let g(w) = 7*w**2 - 10*w - 6. Let t(k) = y*g(k) - 6*f(k). Give t(7).
-15
Let p be 1 - -1 - -3*1. Let b(h) = -7*h - p*h**2 + 4*h**2 + 4 - 1. Suppose 0 = -q - 4 - 26 + 22. Calculate b(q).
-5
Let w(a) = -13*a + 3. Suppose 0 = -7*r + 14 + 21. Suppose -4*n = 2*m - 4, 7 = -3*n + r*m + 23. What is w(n)?
-23
Suppose 4 = 4*i - 2*i, 44 = 2*t - 2*i. Suppose -5*b - t = -2*a, 2*b - 4*a = a + 3. Let z be -3*(-4)/3 + b. Let m(x) = -5*x**2 - x + 2. Give m(z).
-16
Let p(v) = -5*v**2 + 6*v - 9. Let i = -2975 - -2977. Determine p(i).
-17
Let x(i) = -2*i + 8. Suppose 0 = -26*p + 20*p - 90. Let r be 6/(54/p)*-3. Determine x(r).
-2
Let a be 1/((-1)/10*-2). Suppose a*f - 41 + 11 = v, -3*v = -15. Suppose f*n - 13*n = -n. Let i(k) = -k**3 - k + 12. Calculate i(n).
12
Let k be 26 + (6 - -1)*90/126. Let x(v) = -v**2 + 33*v - 98. Give x(k).
-36
Suppose 26*i + 1066 = -18*i + 18*i. Let c(b) = -b**3 - 40*b**2 + 40*b - 44. Calculate c(i).
-3
Suppose 0 = -2*h - 5*c - 6, 4*c + 24 = -11*h + 7*h. Let k(z) = -z**2 - 9*z - 26. What is k(h)?
-18
Let k(z) = 207*z**2 - 218*z**2 - z**3 + 116 - 9*z - 111. Let a be (-3)/(18/(-15))*-4. Give k(a).
-5
Suppose -2*h - 2*h + 34 = -18. Let d(w) = -w**2 + 12*w + 17. Calculate d(h).
4
Let s = 3079 + -3075. Let l(y) = 2 + 1 + 2 - 10*y. Determine l(s).
-35
Let p(f) = 9*f - 41. Let a = 27817 - 27800. Give p(a).
112
Let z(p) = 1 - p + 2*p - 4 + 1. Suppose 5*t - 4*y = 22, -4*t + 2*y - 4 = -9*t. What is z(t)?
0
Let o(g) = 272 - 8*g + g**3 - 106 - 4*g**2 - 162. Let f be (1 - -1 - -1) + 2. Give o(f).
-11
Let q(v) = 6*v**2 + 0 - 2 + 3. Suppose -4*u + 3 = -3*p - 6, 4*u - 4*p = 4. Let c be 5/(105/u) - 80/(-112). What is q(c)?
7
Let q(z) = z**2 - 2*z - 21. Let a be q(5). Let b be (-3 - -8)/((-15)/a). Let f(c) = 3 + 5*c**2 - 2*c**2 - 4*c**b. Calculate f(-4).
-13
Let n(u) = u**3 - 24*u**2 + 22*u - 5. Suppose -50*d + 157*d = 2461. Calculate n(d).
-28
Let j(x) = 20*x - 224. Let l be ((-77)/(-4))/((-532)/(-304)). What is j(l)?
-4
Let k(w) = w**2 - 19*w + 3. Let r be k(19). Let o(v) = -2*v**2 + 4*v + 1. Let h(g) = 3*g**2 - 5*g - 1. Let n(m) = r*h(m) + 4*o(m). Determine n(2).
7
Let k(n) = -3*n - 1. Let x(l) = 2*l + 331. Let b be x(15). Suppose -7 = 368*j - b*j. Give k(j).
2
Let w = 4 - -28. Suppose 28 = 5*b - 3*c, 5*c = 5*b - w + 2. Let o(i) = -5*i + 5 + 7 + 4*i - 7. Determine o(b).
0
Let x = -32 - -77. Suppose 3*l = b + 120, x = l - 0*b - 2*b. Let j be -2 + (3/2)/(l/(-52)). Let k(c) = c**3 + 4*c**2 - 3*c - 4. Give k(j).
8
Let i(h) = -6*h - 61. Let s be i(-11). Suppose -s*k - 3*y - 45 = -5*y, y = k + 12. Let c(o) = -o**3 - 7*o**2 + o + 1. Determine c(k).
-6
Let l(c) = -7 + 7*c - 603*c**2 + 4 + 602*c**2. Determine l(5).
7
Let j(z) be the first derivative of -8 + 3/2*z**2 + z - 1/3*z**3. Let w = 365 - 359. Give j(w).
-17
Let r(x) be the second derivative of 1/2*x**3 - 1/12*x**4 + 4*x**2 + 81*x + 0. Calculate r(7).
-20
Let i be (-3)/(8/(-2) - 9/(-3)). Let q(k) = 3*k - 3 + k**2 + 73*k**3 - 72*k**i + 4. Calculate q(-2).
-9
Let q(i) = -40*i**3 + 90*i**2 + 31*i - 4. Let d(s) = 8*s**3 - 16*s**2 - 6*s + 1. Let t(l) = -11*d(l) - 2*q(l). Give t(2).
-75
Let h = 4 - 5. Let q(v) be the first derivative of v**6/60 + 10*v**3 - 12. Let j(t) be the third derivative of q(t). Give j(h).
6
Let f(a) be the second derivative of a**5/20 - a**4/2 - a**3/2 + 5*a**2/2 + 438486*a - 1. Let n = 17 + -12. Suppose -4*d + n*d = 6. What is f(d)?
-13
Let l(q) be the first derivative of 97 - 1/4*q**4 + 3/2*q**2 + 0*q**3 + 3*q. Suppose 0*s - s = -3*h - 7, 15 = -5*h. Determine l(s).
5
Let z(y) = -11*y**2 - 519*y - 96. Let h be z(-47). Let c(k) = -4*k**2 - 7*k - 2. Calculate c(h).
-4
Suppose -5*a + 5*d + 1634 = 4*d, -a + 3*d = -324. Suppose -19*n + 99 - a = 0. Let y(t) = 2*t + 17. Calculate y(n).
-7
Let l be 1/((-6)/(-33)) + 1/(-2). Let g(f) = -3 - l + 5 - 1526*f + 1519*f. Suppose 4*u + 5 = -d, -3*d - 2 = -4*u - 19. Give g(u).
11
Let o = 140 - 133. Let w(z) = -10*z**2 - 3*z - 3. Let p(u) = -23*u**2 - 6*u - 5. Let q(s) = o*w(s) - 3*p(s). What is q(0)?
-6
Let c be 48795/39 + 26/(-169). Let h(k) = -k**2 + 1250 - k + 11*k - c. Give h(9).
8
Let s(p) = p**3 - 4*p**2 + p + 8. Let l(z) = z**3 + 44*z**2 - 3*z - 128. Let q be l(-44). Determine s(q).
12
Suppose 0 = -20*h + 23*h - 6. Suppose -4*g + h*g = -12. Let o(q) = q**2 + q + 3. Let k(b) = b. Let z(l) = 5*k(l) - o(l). What is z(g)?
-15
Let g be (-7 - (1 + -2)) + 10 + -10. Let q(t) = t**3 + 4*t**2 - 7*t + 2. What is q(g)?
-28
Suppose -6*o = -3*o - h + 4, -2*o + h - 3 = 0. Let m(z) be the third derivative of z**3/2 + 2*z**2. Let l(u) = u - 1. Let q(t) = o*m(t) + 2*l(t). What is q(4)?
3
Let q(l) = 323 + 0*l - 2*l + 3*l - 329. Calculate q(2).
-4
Let a(q) = -2*q - 6. Let j(v) be the third derivative of -v**4/24 - v**3/2 - 39*v**2. Let p(u) = -a(u) + j(u). Give p(7).
10
Let r = 214 - 207. Let o(x) = -r*x**2 + 2 - 308*x**3 + 2*x + 307*x**3 - 3*x - 2*x. What is o(-6)?
-16
Suppose k - 6*k - 2*y = -22, 2*k - y - 7 = 0. Let z(x) = -919 + 0*x + 921 - 2*x. Give z(k).
-6
Let g be 1 - (7 + -9) - (2 - 5). Suppose -g = 5*x - 26. Let h(r) = 2*r**2 - 4*r - 1. Calculate h(x).
15
Let x(p) = -21*p**2. Let w = 4129 - 4131. Calculate x(w).
-84
Let t(w) = -3*w + 4. Let v(s) be the first derivative of -3*s**2/2 + s + 119. Let f(k) = 3*t(k) - 2*v(k). Give f(7).
-11
Let o(v) = 5*v + 3. Let r(a) = -3*a + 12. Let x(g) = 5*o(g) - r(g). Give x(1).
31
Let n(v) = -67*v + 12*v - 13 + 54*v. Determine n(-7).
-6
Suppose 7*b - 2561 = -2547. Let j(c) be the first derivative of 1/3*c**3 - 1/2*c**b + 16 - 2*c. Determine j(2).
0
Let y(m) = -m + 23. Let l = -8605 + 8620. Calculate y(l).
8
Let k(y) be the second derivative of -3/2*y**3 - 1/20*y**5 - 5/6*y**4 + 7 - 2*y + 11/2*y**2. Determine k(-9).
11
Let h(w) = -8*w**3 + 20*w**2 - w + 13. Let a(z) = 15*z**3 - 39*z**2 + 2*z - 25. Let n(x) = 4*a(x) + 7*h(x). Let t be n(4). Let k(r) = -6*r - 5. Determine k(t).
25
Suppose o - 9*z = -5*z + 1, 0 = 5*o - z - 5. Let n(w) = -11*w**2 - w + 1. Calculate n(o).
-11
Let i(d) be the first derivative of d**2 + 50*d - 2. Give i(-26).
-2
Let x = -33 - -46. Suppose 5*o - 31 = -l, l + 2*l = o + x. Let p(c) = -l*c**2 + c**3 + 3 + 6*c - 2*c + c. Give p(5).
3
Let d(a) = -29*a**3 + a. Let i = 155 